{"id":49,"date":"2018-04-11T14:31:09","date_gmt":"2018-04-11T14:31:09","guid":{"rendered":"http:\/\/www.beachsports-erfurt.de\/?page_id=49"},"modified":"2020-02-17T22:40:21","modified_gmt":"2020-02-17T22:40:21","slug":"verein","status":"publish","type":"page","link":"https:\/\/www.beachsports-erfurt.de\/?page_id=49","title":{"rendered":"Verein"},"content":{"rendered":"<p>Zweck des Vereins ist die F\u00f6rderung des Sports, insbesondere des Beachvolleyballsports, sowie der Errichtung und Erhaltung von Indoor- und Outdoor-Beachvolleyball-Anlagen. Am 31.01.2020 verlor die sehr aktive Beachsportgemeinde in Erfurt endg\u00fcltig ihre einzige Indoor Trainings- und Wettkampfst\u00e4tte, weil sich der Privatbetreiber wirtschaftlich neu ausrichten m\u00f6chte. Da alle Sandsportarten Barfu\u00df ausge\u00fcbt werden, ist eine Halle f\u00fcr die Herbst-, Winter- und Fr\u00fchlingssaison unabl\u00e4sslich. Mit unserer Initiative und unserem Engagement m\u00f6chten wir Aktive, Interessenten, Sponsoren und Entscheider mitrei\u00dfen und einladen dabei mitzuhelfen, einen geeigneten Ersatz zu schaffen. Jede noch so kleine Hilfe und Unterst\u00fctzung tr\u00e4gt dazu bei. Gelder aus Sponsoring und Spenden sind Satzungsgem\u00e4\u00df ausschlie\u00dflich f\u00fcr diesen Zweck bestimmt.<\/p>\n<p>Wir suchen Mitglieder, Unterst\u00fctzer und Sponsoren, die sich an der Errichtung einer Indoor Beachsportanlage (Beachvolleyball) beteiligen m\u00f6chten, damit wir gemeinsam unsere wundersch\u00f6ne Stadt Erfurt auch f\u00fcr Sandsportler interessanter und lebenswerter machen. Das positive Image einer Indoor Beachsportanlage, als attraktive Trainingsst\u00e4tte, sowie Austragungsst\u00e4tte von Turnieren und Sportveranstaltungen, wird sich gleichfalls positiv auf das Image der Stadt Erfurt, wie auch der Sponsoren auswirken. Wir m\u00f6chten eine Beachvolleyball-Turnierserie aller Wertungsklassen, vom Freizeitsportniveau bis hin zu Turnieren mit Ranglistenwertung in Erfurt etablieren, die es jedem Beachvolleyballer erm\u00f6glicht, sich auf seinem Niveau mit anderen Sportlern zu messen. Der Sport wird somit regelm\u00e4\u00dfig &#8222;in aller Munde&#8220; sein. Die zentrale Lage von Erfurt in Deutschland k\u00f6nnte eine interessante Option f\u00fcr Beachvolleyballer anderer Regionen sein, um nach Erfurt zu reisen, hier zu spielen und die Stadt zu entdecken. Der Standort Erfurt wird so bekannter und attraktiver, nicht zuletzt f\u00fcr Studenten und qualifizierte Arbeitskr\u00e4fte.<\/p>\n<p>Der Vorstand<\/p>\n<p><a href=\"http:\/\/www.beachsports-erfurt.de\/?page_id=61\">Ja, ich bin dabei!<\/a><\/p>\n","protected":false},"excerpt":{"rendered":"<p>Zweck des Vereins ist die F\u00f6rderung des Sports, insbesondere des Beachvolleyballsports, sowie der Errichtung und Erhaltung von Indoor- und Outdoor-Beachvolleyball-Anlagen. Am 31.01.2020 verlor die sehr aktive Beachsportgemeinde in Erfurt endg\u00fcltig ihre einzige Indoor Trainings- und Wettkampfst\u00e4tte, weil sich der Privatbetreiber wirtschaftlich neu ausrichten m\u00f6chte. Da alle Sandsportarten Barfu\u00df ausge\u00fcbt werden, ist eine Halle f\u00fcr die &hellip; <\/p>\n<p class=\"link-more\"><a href=\"https:\/\/www.beachsports-erfurt.de\/?page_id=49\" class=\"more-link\"><span class=\"screen-reader-text\">\u201eVerein\u201c<\/span> weiterlesen<\/a><\/p>\n","protected":false},"author":1,"featured_media":0,"parent":0,"menu_order":0,"comment_status":"closed","ping_status":"closed","template":"","meta":{"jetpack_post_was_ever_published":false,"footnotes":""},"jetpack_sharing_enabled":true,"jetpack_shortlink":"https:\/\/wp.me\/P9PYpo-N","jetpack_likes_enabled":true,"_links":{"self":[{"href":"https:\/\/www.beachsports-erfurt.de\/index.php?rest_route=\/wp\/v2\/pages\/49"}],"collection":[{"href":"https:\/\/www.beachsports-erfurt.de\/index.php?rest_route=\/wp\/v2\/pages"}],"about":[{"href":"https:\/\/www.beachsports-erfurt.de\/index.php?rest_route=\/wp\/v2\/types\/page"}],"author":[{"embeddable":true,"href":"https:\/\/www.beachsports-erfurt.de\/index.php?rest_route=\/wp\/v2\/users\/1"}],"replies":[{"embeddable":true,"href":"https:\/\/www.beachsports-erfurt.de\/index.php?rest_route=%2Fwp%2Fv2%2Fcomments&post=49"}],"version-history":[{"count":9,"href":"https:\/\/www.beachsports-erfurt.de\/index.php?rest_route=\/wp\/v2\/pages\/49\/revisions"}],"predecessor-version":[{"id":1862,"href":"https:\/\/www.beachsports-erfurt.de\/index.php?rest_route=\/wp\/v2\/pages\/49\/revisions\/1862"}],"wp:attachment":[{"href":"https:\/\/www.beachsports-erfurt.de\/index.php?rest_route=%2Fwp%2Fv2%2Fmedia&parent=49"}],"curies":[{"name":"wp","href":"https:\/\/api.w.org\/{rel}","templated":true}]}}